Suppose 3*g + 672 = -5*h + 3711, 0 = -5*h - 2*g + 3041. Let a be 19/((-2)/(-36)*2). Suppose 10*d - a - h = 0. What is the tens digit of d?
7
Let v(r) = -r**3 - 4*r**2 + 4*r. Let u be v(-3). Let p = 21 + u. Suppose 2*n - 162 + 40 = p. What is the tens digit of n?
6
Let y = -7432 - -7439. Let z(o) = -5 + 13*o**2 - 17*o - 1 + 1 - o**3. What is the hundreds digit of z(y)?
1
Let l be (8/5)/(-5*13/1950). What is the units digit of (-1)/(20/l*6/20)?
8
Let p(x) be the second derivative of -142*x**3/3 - 6*x**2 - 163*x. What is the units digit of p(-2)?
6
Suppose 0 = 35*z - 1049880 - 6804 - 371981. What is the ten thousands digit of z?
4
Let v be (-1 - (-1584)/6)/((-2)/(-20)). Suppose 0 = -n + 6*n - v. What is the units digit of n?
6
What is the hundreds digit of (200/(-28))/((-18)/(-954828)*-9)?
1
Let h(t) be the third derivative of t**5/12 - t**4/12 + 3*t**3/2 - 26*t**2. What is the hundreds digit of h(-5)?
1
Let n be 38/152*(0 - (1 + -1)). Suppose -7*u + 4*u = -2*k + 1733, n = -k + 5*u + 849. What is the hundreds digit of k?
8
Let f(d) = d**3 - 11*d**2 + 9*d + 7. Let c be f(7). Let v be (-8540)/c + (-4)/(-18). What is the units digit of v + -3 + 4 + -3?
6
What is the tens digit of (-29496)/10*(11 + -16) - (14 - 10)?
4
Let j = 111 + -106. Suppose -210 = 19*t - j*t. What is the tens digit of 813*(-2)/t*(-40)/(-16)?
7
Let x = -32 - -32. Suppose g - 5*z = 5*g - 25, x = -3*g - z + 5. Suppose 3*o - 272 = -g*o + 5*b, 3*b - 240 = -3*o. What is the tens digit of o?
8
Let n be (6/(-9))/((0 + -1)/(-21)). Let p(j) = 2*j**2 + 24*j - 21. Let q be p(n). What is the units digit of (175 + (-1)/(-1))*q/70?
8
Let f be (-3)/12 + 23/(-4). Let v(d) = 82 - 2*d - 250 + 76 - 8*d + 86. What is the tens digit of v(f)?
5
Suppose 101*r - 67*r - 130696 = 0. What is the tens digit of r?
4
Suppose 2647074 = -24*j + 70*j + 902754. What is the thousands digit of j?
7
Let o(h) = 5*h**3 - h**2 + 23*h + 28. What is the tens digit of o(12)?
0
Suppose 19*y = 12*y + 21. Let i be 1*(-3)/y*-1 - -4. Suppose -i*p = -292 + 7. What is the units digit of p?
7
Let t = 14 + 14. Suppose 0 = -t*p + 23*p + 10. What is the tens digit of 357/(-34)*-3*p?
6
Suppose r + 16176 = 3*j, 4*r + 4249 + 1143 = j. What is the units digit of j?
2
Let h be 2784/60 - (-2)/(-5). Let o = h - -252. Let t = -120 + o. What is the units digit of t?
8
Let f(z) = z**3 - 22*z**2 + 17*z + 1. Suppose 42*q - 44*q + 44 = 0. Let k be f(q). Let n = k - 163. What is the tens digit of n?
1
Suppose j - 2*f + 12 = 0, 3*j + 59 = -5*f + 12. Let b(m) = -2*m**2 - 6 + 12*m + 15 + 3*m**2. What is the tens digit of b(j)?
3
Let s(p) = -34*p - 67. Let c(w) = 8*w + 48. Let j be c(-7). What is the tens digit of s(j)?
0
Let d = 23086 - 13567. What is the hundreds digit of d?
5
Let o(j) = -2*j**2 - 18*j + 13. Let i be o(-8). Suppose 0 = 27*y - i*y + 694. What is the tens digit of y?
4
Suppose y = -l - 0 - 4, -5*y - 20 = 4*l. Let q be 19/2 + 2/y. Suppose 0 = -p + 12 + q. What is the units digit of p?
1
Let k(p) = -p**2 + 18*p - 2. Let d be k(8). Let y = 86 - d. Suppose -70 = -y*q + 6*q. What is the units digit of q?
5
Suppose 4 = 2*t - 4. Let k(m) = 2*m - 3. Let o be k(t). Suppose -6*v + o*v = -51. What is the units digit of v?
1
Suppose -5*m - 37 = q - 10, 0 = -2*m - 4*q. Let a be ((-4)/5)/((m/1045)/3). Suppose 414 = 2*t - 3*b, 2*t - 3*b + b - a = 0. What is the units digit of t?
3
Let p = 5947 + -2733. Let l = -1474 + p. Suppose i + l = 11*i. What is the tens digit of i?
7
Suppose 5*l = -6 - 39. Let d be (-27)/l + (-1)/(-1). Suppose -f - 4*q + 47 = 0, -d*f + 31 = 4*q - 97. What is the units digit of f?
7
Suppose -30254 = -20*r + 1426. What is the tens digit of r?
8
Suppose -h + 2309 = 2*y - 4*h, 0 = -y + 3*h + 1153. What is the hundreds digit of y?
1
Let s(u) = 1105*u - 3259. What is the tens digit of s(25)?
6
Let i(m) = -m**2 + 9*m + 8. Let a be i(9). Suppose a*l - 1011 = -219. Let s = l - 79. What is the tens digit of s?
2
Let p(v) = -v**2 + 12*v + 26. Let s be p(14). Let z be 10/(-15)*1*(s - -89). Let f = 120 + z. What is the tens digit of f?
6
Suppose -3370 = -3*j - 5*t, -3*j = -79*t + 82*t - 3378. What is the units digit of j?
0
Let x(t) be the first derivative of 2*t**3/3 - t**2/2 - 14*t - 262. Let j be (4/6)/((-24)/252). What is the units digit of x(j)?
1
Let x(v) = 11*v**2 - 5*v - 3. Let g be x(-3). Suppose r - 2*r - 5*k - g = 0, 0 = -k - 5. Let c = r - -95. What is the units digit of c?
9
Let g = -5177 + 16957. What is the tens digit of g?
8
Suppose -4*q - 20 = 0, -2*q - 179 = -2*a - 7*q. Let l = 104 - a. Suppose u + 3*n - 6*n - 48 = 0, -3*n = -l*u + 81. What is the units digit of u?
3
Let d be ((-86)/(-6))/(68/42432). Suppose -7156 = -4*t + 2*w, -d = -2*t - 3*t + 2*w. What is the hundreds digit of t?
7
Suppose -369 = -58*l + 55*l. Suppose 0 = 2*i + l - 1253. What is the units digit of i?
5
Let r = 6664 + -5052. What is the units digit of r?
2
Let l = -286 - -289. Suppose -m - 3*b = -111, -5*m + l*b = 2*b - 571. What is the tens digit of m?
1
Let g(q) = -q**3 + 22*q**2 + 4. Let i be g(22). Suppose 1415 = -i*a - 3*w, 3*w - 891 = 3*a + 186. What is the tens digit of (-2)/(((-8)/a)/(-1))?
8
Suppose 410*c - 407*c - 2001 = 0. Let q = c - 252. What is the tens digit of q?
1
Let f be 7/28*2*22. Suppose -10*a = -f*a + 389. Let y = a - 251. What is the tens digit of y?
3
Suppose i + 17 - 5 = 5*x, -4*i = -2*x - 6. Suppose -i = f - 36. What is the units digit of f?
3
What is the units digit of (-44)/264 + (-34249)/(-6)?
8
Suppose -62*m = -24*m - 7068. What is the hundreds digit of 14/(-4)*(0 - m)?
6
Suppose 14*v - 17 - 11 = 0. Suppose 5*f - 6811 = -5*x - 1506, -v*x = -f - 2125. What is the thousands digit of x?
1
Suppose -7*c + 11*c = -4. Let s be (1 + c)*(7 - 8). Suppose 4*j - 4*x - 380 = 0, 3*j - x - x - 289 = s. What is the tens digit of j?
9
Let v(s) = 563*s + 660. What is the tens digit of v(4)?
1
Let u = 667 + -426. Let k = -199 + 37. Let z = k + u. What is the tens digit of z?
7
Let v = 57 - 54. Suppose 2*y = -3*c + 2, 0 = v*c + 2*y - 6*y + 4. What is the units digit of 2 - -129 - (4 - c)?
7
Suppose -u = -2*x + 62466, -22*x + 20*x + 62434 = -5*u. What is the units digit of x?
7
Suppose 336*v + 8 = 338*v. Suppose -w + 3*m = 7*m - 361, w - v*m = 321. What is the tens digit of w?
4
Let c(z) = 26*z**2 - 2*z + 2. Let y be 8 - -9*(-1)/3. Suppose -x = y*v - 4*v, -6 = -2*v + 4*x. What is the tens digit of c(v)?
2
Let b = 131 + 245. Suppose -8*h = -b - 144. Suppose -5*p + 960 = h. What is the units digit of p?
9
Let f = 89208 + -21378. Suppose f = 16*t + 35*t. What is the tens digit of t?
3
Let s(b) = -b**3 - 23*b**2 + 41*b + 47. Let o = -172 - -147. What is the hundreds digit of s(o)?
2
What is the ten thousands digit of 214122/15 + 7/70*2?
1
Let r = -39 + 51. What is the units digit of r/54 - 1726/(-9)?
2
Let s(q) = -46*q**3 - 17*q**2 + 16*q - 6. What is the tens digit of s(-4)?
0
Let p(n) = n**2 + n - 1. Let w(b) = -b**3 - 15*b**2 - 12*b - 40. Let j(g) = -6*p(g) + w(g). What is the hundreds digit of j(-21)?
3
Let q be 12/2 + (-6 - -3). What is the units digit of (-1)/q - (-714)/9?
9
Suppose 5*q = 2*u - 43, 5*q - 61 = -u - 2. Suppose -u*m + 16382 = -2930. What is the units digit of m?
8
Suppose -24 = -7*o + 10*o. Let a(f) = -3*f**3 - 9*f**2 + 2*f + 1. Let m be a(o). Suppose 0 = -17*w + m + 3934. What is the units digit of w?
7
Let p be (-1)/((-2)/446*1). Suppose 2*r - 2*j = 268, -22*j = -5*r - 24*j + 670. Let m = p - r. What is the tens digit of m?
8
Suppose -4*g - 504 = -30*g - 58*g. Let n(l) = l**2 + l - 2*l + 7 + 0*l**2. What is the units digit of n(g)?
7
Let c be 26/12 - 3/18. Let j(v) = 4*v - 5. Let i be j(c). Suppose -2*y + 18 = 4*u, -i + 12 = -3*u. What is the tens digit of y?
1
Let i be 21/(-2)*(12 + -10). What is the units digit of 22/77 + (-4455)/i*5?
1
Suppose 8*l - 18887 - 11569 = 0. Suppose 2*h = -2*u + 3802, -l = -3*h + h - 3*u. Suppose -5*k + h = 7*k. What is the hundreds digit of k?
1
What is the tens digit of (2 - 1)/(73/186661)?
5
Let h be -21 + -14 + 2*2. Let s = 31 + h. Suppose f - 52 - 27 = s. What is the tens digit of f?
7
What is the tens digit of (0 + -1)/((15 - (-1293808)/(-86256))/(-2))?
9
Suppose -4*j - 57 = -5*x, -9 = -4*j - 2*x - 59. What is the tens digit of (j/3 + 1)*(-141)/2?
3
Let x = -7643 + 21476. What is the t